 base 16?
-18693
Convert 5077b89 (base 12) to base 16.
e63cd9
1100032122 (base 4) to base 15
6756c
What is -2330030113 (base 4) in base 12?
-312107
What is -1159ba (base 12) in base 3?
-112012121021
5364842 (base 10) to base 14
9d9190
Convert 1317200 (base 9) to base 3.
1100121020000
54b59 (base 12) to base 6
2223353
Convert -203164 (base 12) to base 14.
-d1496
What is 11065160 (base 9) in base 8?
24337764
What is 404a77 (base 12) in base 13?
291b62
-1111001101110100001001 (base 2) to base 15
-53bcb5
Convert 1133122420 (base 5) to base 14.
4c6503
What is 154046 (base 8) in base 14?
16246
What is 83047 (base 9) in base 4?
31112332
Convert 69392 (base 11) to base 10.
100289
Convert c7c7c7 (base 14) to base 13.
15278b5
Convert -14412122 (base 5) to base 6.
-3145045
2427736 (base 9) to base 16
141c0f
What is -1304212030 (base 5) in base 9?
-6008200
10010011100110101100111 (base 2) to base 16
49cd67
Convert 221aa (base 11) to base 4.
13312321
835c39 (base 14) to base 12
1599b4b
What is -785928 (base 10) in base 13?
-216960
-351d1 (base 14) to base 3
-20120102122
11010110111001101 (base 2) to base 5
12010104
What is -2f22a (base 16) in base 2?
-101111001000101010
25565 (base 13) to base 6
1251335
26b2a (base 16) to base 13
571ba
What is -113020023 (base 4) in base 16?
-1720b
Convert -61a0c (base 13) to base 7.
-1326656
Convert -467edc (base 15) to base 5.
-1330240412
What is 2b58b (base 16) in base 11?
111437
Convert 12115405 (base 7) to base 9.
2025381
What is 463c34 (base 16) in base 14?
87b64c
5b547 (base 15) to base 11
189a68
-1220010002201 (base 3) to base 13
-292c2a
What is 1250050 (base 7) in base 12?
7a607
Convert 721754 (base 11) to base 9.
2155610
Convert 3525988 (base 11) to base 2.
10111011111001100000100
What is -1111010010010110001101 (base 2) in base 10?
-4007309
What is -245221441 (base 7) in base 5?
-12423413003
Convert 41c15b (base 13) to base 9.
2806851
Convert -a5377 (base 11) to base 14.
-3dd32
What is -398e6 (base 16) in base 9?
-388344
-2323332 (base 6) to base 10
-120008
-41505521 (base 6) to base 8
-4464431
2111022121200 (base 3) to base 7
14156046
Convert 101011110010010010011001 (base 2) to base 7.
166364023
-46241101 (base 7) to base 14
-773901
What is -4687 (base 14) in base 10?
-12271
39605b (base 13) to base 15
1c51e1
Convert 3529828 (base 11) to base 2.
10111100000011100010101
Convert -46133604 (base 7) to base 12.
-1421623
-188143 (base 15) to base 12
-495753
Convert -ba7a3 (base 13) to base 2.
-1010010011000110001
Convert -24786415 (base 9) to base 3.
-211212220110112
What is 11111011111010110000 (base 2) in base 6?
34041040
-298335 (base 10) to base 2
-1001000110101011111
Convert -1d911 (base 14) to base 8.
-224133
Convert 13240121 (base 5) to base 8.
405232
63878 (base 14) to base 11
154688
What is -5606c (base 14) in base 8?
-627400
Convert 283437 (base 9) to base 6.
3413311
13013330333 (base 4) to base 14
36886b
Convert 10001001011100101010 (base 2) to base 10.
562986
Convert 2444443 (base 5) to base 13.
18448
What is -5507da (base 15) in base 4?
-33131031010
2030051 (base 6) to base 10
97231
Convert -402141 (base 5) to base 2.
-11000111111100
What is 202121020000 (base 3) in base 16?
62fee
Convert 466624 (base 7) to base 6.
1444524
-1351410342 (base 6) to base 11
-9405420
2020211212100 (base 3) to base 16
124650
What is 5ca45a (base 15) in base 2?
10000111011110001000110
-15805 (base 10) to base 8
-36675
What is -400a5 (base 13) in base 5?
-12130004
-279172 (base 15) to base 5
-441410312
Convert 1022303444 (base 5) to base 12.
878603
What is 1474364 (base 8) in base 11?
26a769
What is -4402321 (base 5) in base 7?
-432432
What is d8541 (base 14) in base 10?
522397
What is -33030231 (base 4) in base 5?
-3443003
222220000122002 (base 3) to base 10
14290319
Convert 3563013 (base 7) to base 9.
758546
Convert 172496a (base 11) to base 12.
b96395
What is -34126356 (base 7) in base 14?
-5727d6
1352313 (base 6) to base 15
17c43
Convert 121300221 (base 6) to base 12.
934671
-1001111111010100 (base 2) to base 15
-c1cb
Convert -37306 (base 16) to base 4.
-313030012
-23815850 (base 9) to base 8
-54325240
Convert -59665a (base 11) to base 12.
-397409
What is 12238a (base 11) in base 12?
93b54
Convert -1110011010000011000010 (base 2) to base 15.
-4e9056
141443 (base 7) to base 5
1330411
Convert 170227 (base 9) to base 4.
121223023
-122225243 (base 6) to base 9
-4374450
Convert 21334313 (base 5) to base 2.
101100110110011100
What is 146cdb2 (base 14) in base 10?
9946960
What is 10000424 (base 5) in base 11?
53867
Convert -5024253 (base 6) to base 13.
-83a57
Convert 5230342 (base 6) to base 9.
424758
-77448 (base 10) to base 2
-10010111010001000
Convert 1410423 (base 10) to base 7.
14663010
-106c66c (base 13) to base 5
-2241310033
Convert 2644185 (base 11) to base 12.
1646876
What is -12022222012211 (base 3) in base 6?
-140423204
aa8969 (base 13) to base 9
7503247
1001100000011000001 (base 2) to base 12
130315
What is 1887221 (base 9) in base 11?
665666
Convert -13310313 (base 6) to base 5.
-103212040
-134220521 (base 6) to base 13
-745081
What is 4756606 (base 8) in base 5?
313130034
-24434113 (base 5) to base 13
-82479
-11011000001001111 (base 2) to base 4
-123001033
What is -10400331 (base 8) in base 15?
-2e042b
Convert -1b547b (base 12) to base 15.
-9910e
Convert 1812644 (base 9) to base 4.
3313022122
Convert -22221011210 (base 3) to base 12.
-858b6
-21101220112112 (base 3) to base 8
-17005125
Convert -14013452 (base 6) to base 10.
-468680
266052a (base 12) to base 9
15247627
What is 158619 (base 10) in base 2?
100110101110011011
2212210022002 (base 3) to base 11
956396
What is -23111103102 (base 4) in base 8?
-13252322
What is 223225 (base 6) in base 14?
6c49
-75373 (base 11) to base 16
-1ac11
Convert -11075548 (base 9) to base 15.
-70e6db
Convert 84055 (base 12) to base 5.
21012430
Convert -33419 (base 14) to base 8.
-362577
-112b32 (base 12) to base 8
-1030326
Convert -3810978 (base 11) to base 16.
-64ff1a
-10220031 (base 4) to base 2
-100101000001101
What is -1a0724a (base 13) in base 3?
-121002122222001
42213351 (base 6) to base 9
2275164
What is -ab0088 (base 14) in base 10?
-5800936
What is 1530201 (base 7) in base 12?
a0b36
What is 6ac47 (base 15) in base 10?
340267
Convert -485854 (base 11) to base 16.
-bbbf6
What is -13020303203 (base 4) in base 11?
-1068848
Convert -15597a (base 12) to base 2.
-1011000100000101110
What is 36704 (base 8) in base 6?
201112
-330231 (base 8) to base 13
-3b53b
-212125 (base 7) to base 12
-19341
What is 56008 (base 9) in base 8?
110503
What is 4577320 (base 8) in base 14?
245960
What is -26b88 (base 15) in base 6?
-2354315
-727bb (base 13) to base 2
-110010001101011010
1136376 (base 8) to base 11
1a2337
Convert -350344 (base 6) to base 2.
-111010011111000
Convert 207a8 (base 12) to base 16.
a670
-110010000110001101 (base 2) to base 15
-40bec
50602331 (base 8) to base 16
a304d9
-111010101100000011 (base 2) to base 12
-b7143
What is 957a18 (base 11) in base 3?
2212220011120
Convert -12406cb (base 13) to base 4.
-111223321110
What is -104101355 (base 6) in base 5?
-434440000
Convert -24aa1 (base 15) to base 2.
-11100100110011111
-235422242 (base 6) to base 9
-8356848
-8ddb6 (base 15) to base 13
-12a950
Convert -c5f196 (base 16) to base 6.
-1142013330
What is -4109af (base 16) in base 6?
-231204543
What is -11040515 (base 6) in base 11?
-207459
Convert e566 (base 16) to base 7.
333133
32145421 (base 6) to base 8
3472165
-80cc9 (base 13) to base 3
-102201102202
38a026 (base 11) to base 14
11d89d
What is -4420331 (base 6) in base 5?
-24023242
-15422057 (base 8) to base 14
-685115
What is 5d072 (base 16) in base 14?
9cc14
What is -516700 (base 10) in base 8?
-1761134
What is 2336d8 (base 15) in base 16?
19ab7f
286230 (base 10) to base 12
119786
102262 (base 13) to base 7
3124342
167126 (base 8) to base 9
102623
-40200114 (base 5) to base 2
-1001101110101000000
What is 2280b (base 14) in base 3?
11021002101
Convert -1010101111001100000001 (base 2) to base 15.
-3a8ed1
Convert 2b7875 (base 12) to base 9.
1345758
Convert -5b5ed3 (base 15) to base 12.
-156b299
22211122 (base 4) to base 12
2110a
-15e43 (base 16) to base 9
-146000
9ab17 (base 13) to base 16
44942
Convert -36c036 (base 14) to ba